{"id":24,"date":"2021-10-30T09:46:26","date_gmt":"2021-10-30T07:46:26","guid":{"rendered":"https:\/\/detskadrogerie.online\/?post_type=product&#038;p=24"},"modified":"2021-10-30T09:46:26","modified_gmt":"2021-10-30T07:46:26","slug":"penaten-sos-krem-75ml","status":"publish","type":"product","link":"https:\/\/detskadrogerie.online\/?product=penaten-sos-krem-75ml","title":{"rendered":"PENATEN SOS kr\u00e9m 75ml"},"content":{"rendered":"<p>D\u011btsk\u00fd kr\u00e9m vhodn\u00fd na obli\u010dej i d\u011btsk\u00e9 z\u00e1hyby. Zbavuje d\u011btskou poko\u017eku podr\u00e1\u017ed\u011bn\u00ed a zarudnut\u00ed. Obsahuje dex-panthenol, kter\u00fd se v t\u011ble p\u0159em\u011bn\u00ed na vitam\u00edn B5. Vitam\u00edn B5 podporuje tvorbu ko\u017en\u00edch bun\u011bk, a t\u00edm p\u0159isp\u00edv\u00e1 k regeneraci poko\u017eky.\u00a0D\u011btsk\u00fd SOS kr\u00e9m Penaten poskytuje intenzivn\u00ed hydrataci, zm\u00edr\u0148uje zarudnut\u00ed, a zanech\u00e1v\u00e1 na poko\u017ece jemn\u00fd uklid\u0148uj\u00edc\u00ed film. Sn\u00e1\u0161enlivost poko\u017eky dermatologicky testov\u00e1na.<\/p>\n<p>&nbsp;<\/p>\n<p>&#8211; regeneruje poko\u017eku, zbavuje ji podra\u017een\u00ed a\u00a0zarudnut\u00ed<\/p>\n<p>&nbsp;<\/p>\n<p>&#8211; bez parf\u00e9m\u016f<\/p>\n","protected":false},"excerpt":{"rendered":"<p>Penaten Baby SOS p\u00e9\u010de vhodn\u00e1 na d\u011btskou tv\u00e1\u0159 i z\u00e1hyby.<\/p>\n","protected":false},"featured_media":25,"comment_status":"open","ping_status":"closed","template":"","meta":{"om_disable_all_campaigns":false,"_monsterinsights_skip_tracking":false,"_monsterinsights_sitenote_active":false,"_monsterinsights_sitenote_note":"","_monsterinsights_sitenote_category":0},"product_cat":[17],"product_tag":[],"_links":{"self":[{"href":"https:\/\/detskadrogerie.online\/index.php?rest_route=\/wp\/v2\/product\/24"}],"collection":[{"href":"https:\/\/detskadrogerie.online\/index.php?rest_route=\/wp\/v2\/product"}],"about":[{"href":"https:\/\/detskadrogerie.online\/index.php?rest_route=\/wp\/v2\/types\/product"}],"replies":[{"embeddable":true,"href":"https:\/\/detskadrogerie.online\/index.php?rest_route=%2Fwp%2Fv2%2Fcomments&post=24"}],"wp:featuredmedia":[{"embeddable":true,"href":"https:\/\/detskadrogerie.online\/index.php?rest_route=\/wp\/v2\/media\/25"}],"wp:attachment":[{"href":"https:\/\/detskadrogerie.online\/index.php?rest_route=%2Fwp%2Fv2%2Fmedia&parent=24"}],"wp:term":[{"taxonomy":"product_cat","embeddable":true,"href":"https:\/\/detskadrogerie.online\/index.php?rest_route=%2Fwp%2Fv2%2Fproduct_cat&post=24"},{"taxonomy":"product_tag","embeddable":true,"href":"https:\/\/detskadrogerie.online\/index.php?rest_route=%2Fwp%2Fv2%2Fproduct_tag&post=24"}],"curies":[{"name":"wp","href":"https:\/\/api.w.org\/{rel}","templated":true}]}}